r?
False
Is 287979277 a prime number?
False
Is 153776011 a prime number?
True
Is 40700446937 composite?
True
Is 2415349679 a composite number?
False
Is 65873365853 composite?
True
Is 1521762113 a prime number?
False
Is 670063021 a prime number?
True
Is 3937642361 composite?
False
Is 4719835597 a prime number?
False
Is 291591423223 a prime number?
True
Is 31879957 a prime number?
True
Is 56768569877 a prime number?
False
Is 15069770393 prime?
False
Is 14152850011 composite?
True
Is 1313545907 composite?
True
Is 1136864159 prime?
True
Is 14494638557 a prime number?
False
Is 3833940559 a prime number?
False
Is 2252039597 a composite number?
False
Is 18104366807 composite?
True
Is 24611509301 composite?
False
Is 12294740111 a composite number?
False
Is 2306104733 a composite number?
False
Is 637095649 a composite number?
True
Is 16565658339 prime?
False
Is 50344559 a composite number?
False
Is 10895702501 a prime number?
True
Is 1949087779 a composite number?
True
Is 362611967 a composite number?
False
Is 53508703121 composite?
False
Is 32385130913 composite?
True
Is 37951961363 composite?
False
Is 5856398113 prime?
True
Is 2006348915 a composite number?
True
Is 2338285811 prime?
True
Is 4282393631 composite?
True
Is 1334529839 composite?
True
Is 33689819 prime?
False
Is 8687305673 a prime number?
True
Is 3976786901 prime?
True
Is 2159706239 a composite number?
True
Is 37358123503 prime?
True
Is 731498851 composite?
False
Is 1641544963 a composite number?
True
Is 2506084541 a prime number?
True
Is 63046253969 prime?
True
Is 195523193 a prime number?
False
Is 19076708431 composite?
True
Is 1399557349 prime?
False
Is 18061548907 prime?
True
Is 4054321097 a composite number?
True
Is 94939403 prime?
False
Is 416268935 a composite number?
True
Is 12955077079 a composite number?
True
Is 9444548653 a prime number?
False
Is 567260671 prime?
False
Is 3126485077 a prime number?
True
Is 14641214795 a prime number?
False
Is 159569287 composite?
False
Is 1696415729 composite?
False
Is 29198136543 composite?
True
Is 63784409 composite?
True
Is 312646963 prime?
True
Is 7436056007 prime?
True
Is 5434332403 a prime number?
False
Is 49545193 a prime number?
True
Is 3853732061 prime?
True
Is 29537927 a composite number?
False
Is 145338521 composite?
True
Is 1557533279 composite?
True
Is 4825328891 composite?
True
Is 1457115911 prime?
False
Is 20847869069 a prime number?
True
Is 450949123 a composite number?
True
Is 332310637 prime?
True
Is 3473426521 a prime number?
True
Is 22699986769 a composite number?
True
Is 8421989383 composite?
True
Is 466722257 composite?
True
Is 9331436417 a composite number?
False
Is 913306133 a prime number?
False
Is 3123609173 a prime number?
True
Is 40239599371 a composite number?
False
Is 411880669 a composite number?
False
Is 708012857 prime?
False
Is 15962471003 prime?
True
Is 7103913209 a prime number?
False
Is 17375834813 a prime number?
True
Is 82542044609 a prime number?
True
Is 146471934113 composite?
False
Is 1203929 composite?
False
Is 5487192253 a composite number?
False
Is 16312410139 a composite number?
False
Is 61808238091 a prime number?
True
Is 494605261 a prime number?
True
Is 5726758001 a composite number?
True
Is 750777869 a composite number?
False
Is 66497041981 a composite number?
False
Is 14637610363 composite?
True
Is 1359919469 a composite number?
False
Is 2845428569 composite?
True
Is 23586727397 composite?
False
Is 122213519 a prime number?
True
Is 332115151 a prime number?
True
Is 1149778423 a composite number?
False
Is 5629536749 a composite number?
True
Is 8808706099 composite?
False
Is 1701635822 a prime number?
False
Is 97997070001 composite?
True
Is 276406399 a composite number?
False
Is 6414732167 composite?
True
Is 4826499781 composite?
True
Is 332008531 composite?
False
Is 52439823577 composite?
False
Is 13595519881 composite?
True
Is 4518538073 composite?
True
Is 2535833171 composite?
True
Is 115928521 prime?
False
Is 15921851189 a composite number?
True
Is 101840109691 a composite number?
False
Is 91547427929 a prime number?
False
Is 8855254979 a prime number?
True
Is 1023979091 composite?
False
Is 11598948893 a prime number?
False
Is 1401233927 composite?
False
Is 328006247 a composite number?
False
Is 2175468661 prime?
False
Is 22125668035 a composite number?
True
Is 64984520417 composite?
True
Is 1632888347 prime?
True
Is 588868811 a prime number?
True
Is 79265209 composite?
False
Is 2572768481 a composite number?
False
Is 148562489 prime?
True
Is 960729181 a prime number?
True
Is 10566828749 composite?
False
Is 1416982621 a composite number?
True
Is 11717181967 prime?
False
Is 693831007 a prime number?
True
Is 13343409607 a composite number?
True
Is 1843925701 a composite number?
False
Is 87247660715 a composite number?
True
Is 7186875029 composite?
False
Is 17960917069 prime?
True
Is 187334969 a composite number?
False
Is 3856456523 composite?
False
Is 2061166609 a composite number?
False
Is 514608869 composite?
False
Is 919713323 a prime number?
False
Is 1154891641 a prime number?
True
Is 1916908069 composite?
False
Is 19940694103 a composite number?
True
Is 44529799 prime?
True
Is 140450826749 composite?
False
Is 1556595239 a composite number?
False
Is 837812669 a prime number?
True
Is 358851379 a prime number?
False
Is 19862028519 composite?
True
Is 8183203199 composite?
False
Is 54581799397 composite?
False
Is 14073107687 composite?
True
Is 81318693 prime?
False
Is 739923815 composite?
True
Is 3209863121 prime?
True
Is 6020090737 a prime number?
True
Is 1502805509 composite?
True
Is 19126007 composite?
False
Is 32800163917 prime?
True
Is 16896142979 composite?
True
Is 19440603067 a prime number?
False
Is 685360651 prime?
True
Is 1669241383 composite?
False
Is 1716557231 composite?
False
Is 451467581 a prime number?
True
Is 5183232541 composite?
True
Is 748218778 a composite number?
True
Is 5323265447 a composite number?
True
Is 74100988769 composite?
True
Is 161370406489 a composite number?
True
Is 641332117 composite?
False
Is 4626986593 a composite number?
False
Is 37115320381 composite?
False
Is 40655348143 prime?
True
Is 2383867027 prime?
True
Is 4862926553 composite?
False
Is 32345925407 composite?
True
Is 287809036577 a prime number?
True
Is 104936135401 composite?
False
Is 21783556967 composite?
False
Is 3845880937 prime?
False
Is 9244474553 a prime number?
True
Is 7502723471 prime?
True
Is 10598114621 composite?
False
Is 25751504369 prime?
True
Is 3098994889 a composite number?
True
Is 340420469 a composite number?
False
Is 4079035673 prime?
False
Is 5100949761 a composite number?
True
Is 259431911 a composite number?
False
Is 259676467 composite?
False
Is 1146680567 a prime number?
False
Is 70016950879 a composite number?
True
Is 30390591877 prime?
True
Is 113615470333 composite?
True
Is 139575213527 composite?
False
Is 1066341229 a prime number?
True
Is 6707551733 a prime number?
True
Is 36683447959 a prime number?
False
Is 50175368449 a composite number?
False
Is 81746279141 a prime number?
False
Is 237719321 a composite number?
True
Is 31171481521 a composite number?
True
Is 273414829 a prime number?
True
Is 79892717923 a prime number?
True
Is 24116773 prime?
False
Is 734262547 a composite number?
False
Is 8111790667 prime?
True
Is 1232111093 a composite number?
True
Is 2559024721 prime?
False
Is 167472807773 a composite number?
True
Is 4727217619 a prime number?
True
Is 1345212413 a prime number?
False
Is 28054668217 a prime number?
False
Is 1474978711 a composite number?
True
Is 1472544127 a composite number?
False
Is 276989131 prime?
True
Is 11540031233 a prime number?
True
Is 525023659 composite?
False
Is 2901880181 composite?
False
Is 2518648207 a composite number?
True
Is 24539380069 a composite number?
False
Is 51365473169 prime?
True
Is 45704794897 a prime number?
False
Is 9726700429 a composite number?
False
Is 8287524893 prime?
False
Is 7781957 composite?
False
Is 1094985271 composite?
False
Is 1285737329 prime?
False
Is 125855927989 composite?
True
Is 25579947293 prime?
True
Is 20010217609 a composite number?
False
Is 274567327 a composite number?
True
Is 3396505577 a composite number?
False
Is 277551869 a prime number?
False
Is 37576270573 a prime number?
True
Is